 - (5 - 6 - -13)
-3
Calculate 2 - (11 + (2 - 7)).
-4
Calculate -6 - (-15 + 10 - 8).
7
Evaluate 6 - (8 + (3 - 10)).
5
What is 3 - ((1 - 0) + -1 + 3)?
0
Calculate (62 - 56) + (2 - (-2 - -2)).
8
What is the value of 22 + (-10 - (0 + 3))?
9
What is (-6 - -10) + 3 + -2?
5
-161 + 172 - (1 + 6)
4
Calculate (6 + -5 - 2) + -5.
-6
What is the value of 1 + -4 + 2 + 0?
-1
Evaluate (4 - 6) + 8 + 0 + -6.
0
What is 1 + -1 + (12 - 12)?
0
Evaluate (6 - 3 - 0) + (0 - -2).
5
What is the value of -2 - (0 + 4 + (0 - 4))?
-2
Calculate (1 - (1 + 0)) + 19 + -19.
0
Calculate -5 - (-5 + 5 + -2 + -3).
0
What is (0 - (4 + -1)) + 8 + -4?
1
Calculate 9 + -8 + (3 - (-1 + 4)).
1
Evaluate (1 - -1 - 6) + (134 - 127).
3
What is -1 + -1 - (40 - 37)?
-5
What is (-9 - (-2 - -1)) + -3 - -5?
-6
Calculate (3 - (0 - -1)) + -4 + 0.
-2
What is the value of 15 - 9 - (-2 + -2 + 3)?
7
What is the value of (3 - 3) + (-6 - -12 - 4)?
2
Evaluate -2 + 1 + (-8 - -11).
2
What is -4 + -59 + 59 + -4 + 1?
-7
(-2 - 1 - -7) + 0
4
(-7 - -7 - 8) + 7
-1
What is the value of 2 + 0 + 4 + -4?
2
Calculate -1 + 0 + (3 - (9 + -5)).
-2
Calculate 14 + ((-1 - 1) + -5 - -3).
10
What is -6 - (6 + -18 + 6)?
0
Calculate 0 - (-1 - ((-4 - 0) + -1)).
-4
(-3 - -9) + (-3 - 2)
1
Calculate (1 - -8) + (-2 - 2) - 0.
5
Calculate (-5 - -3) + 3 - 0.
1
(-2 - (0 - 15)) + -8
5
Evaluate -3 - (0 + -4 + 4).
-3
Calculate -1 + 0 + (-6 - (-6 - -1)).
-2
What is the value of (0 - -2) + 5 + -7?
0
What is 8 - -5 - (-6 - -3 - -7)?
9
Evaluate 7 - -2 - 12 - -2.
-1
Calculate (-3 - -5) + 1 + (-3 - 1).
-1
Evaluate -1 - (-3 - (-1 - -1)).
2
-5 + (9 - -5 - 9)
0
What is 1 + 5 - (37 - (6 + 16))?
-9
What is 4 - (5 - (6 - (0 - -2)))?
3
Calculate 5 + (-3 - 0) + -8.
-6
What is -3 + 12 + -4 + 3 + -3?
5
Calculate (-4 - -12 - 14) + 4.
-2
What is -10 - -9 - (-7 - 1) - 5?
2
What is the value of 9 - 3 - 4 - (11 - 3)?
-6
What is the value of 1 - -5 - (0 + 0 + 1)?
5
Evaluate (-1 - (-4 + -1)) + 0.
4
What is the value of (-30 - -32) + (0 - 3 - 0)?
-1
13 + (11 - 25) + (-1 - 2)
-4
Evaluate 6 + -2 + -6 + 8 + -1.
5
(1 - (0 - -8)) + 8
1
-5 + 12 - (-1 - (7 + -13))
2
Calculate -15 - -12 - (-1 + -5 + 0).
3
Calculate 1 + -3 + 6 + -1.
3
What is the value of 5 + (-1 - 1) - (-3 + 4)?
2
What is -11 - 0 - (-36 - -28)?
-3
What is the value of -6 - (1 - 8) - (-3 + 2)?
2
What is -2 - (-2 + (1 - (1 - -2)))?
2
-1 - -2 - (-17 - -16)
2
What is the value of -1 + -2 + (7 - 9)?
-5
Evaluate (-1 - 1) + -1 + 19 + -17.
-1
What is -12 + 20 - (-2 + 6)?
4
Calculate -9 + (22 - 24 - (-5 - 1)).
-5
What is the value of -10 - (-2 - (3 + -13 + 7))?
-11
Evaluate -3 - -7 - (7 - 3).
0
Calculate 2 + -2 + (3 - (3 + -2)).
2
What is the value of -8 - -1 - ((7 - 7) + -16)?
9
Evaluate -1 - -2 - -2 - (28 - 25).
0
Calculate 3 + (-4 - (-1 + 2 + -2)).
0
What is -4 - (-6 + (7 - 0))?
-5
What is 10 - 8 - 16 - -8?
-6
Evaluate 4 - (-6 + 5 + 5).
0
What is (17 - (2 + 11)) + (-2 - 4)?
-2
Calculate (-4 - -2) + -4 + 2.
-4
Evaluate 8 + -12 - (-1 + -3).
0
What is the value of 11 + -15 + (2 - 1)?
-3
Evaluate (-3 - (-2 - -2)) + 49 + -45.
1
What is the value of 2 + (6 + -6 - -1)?
3
0 + (-1 - -4) + -3
0
What is the value of -49 - -52 - (-3 - -1)?
5
Calculate -5 - (2 - 4 - 4).
1
What is the value of 3 + 2 + -1 + 1 + -2?
3
Evaluate 12 + (-1 + 1 - (-41 - -46)).
7
Calculate 4 + (-22 - -8) - -2.
-8
What is (0 - (-1 + -3 + -5)) + -5?
4
0 - 3 - (26 - 34)
5
-2 + 2 + -5 + 6 + -3
-2
Calculate 1 + (-6 - -3) + -3 + 2.
-3
What is (10 - 8) + (3 - 4) + 1?
2
Evaluate -2 - (6 - 3 - 7).
2
4 - (-4 + 4 - -3)
1
Calculate (12 - 6 - 4) + -6.
-4
Evaluate 15 + -16 - (0 + 0).
-1
Calculate -1 - -8 - (0 - -5).
2
What is -4 - 17 - (1 - 9) - -2?
-11
Calculate (-4 - (1 + -3 - 6)) + -6.
-2
What is 54 - 43 - (-1 - -4)?
8
4 + -5 + 2 + (7 - 8)
0
Evaluate (-1 - 1) + (2 + 6 - 4).
2
Evaluate 3 + -2 + (-3 - 1).
-3
Evaluate (-1 - 1 - -6 - 9) + 10.
5
-5 - (-3 + 3 + -3)
-2
-4 + (2 + -2 + 11 - 6)
1
Evaluate 3 - (6 - -1 - 9).
5
Evaluate -7 - ((-5 - (-3 + 3)) + -2).
0
Calculate 0 + -1 + 2 - -4.
5
Calculate 12 + -10 + -1 + 5.
6
What is the value of -2 - (2 - (2 - -2))?
0
(2 - 4 - -4) + 10 + -11
1
Evaluate (3 - (2 - 1)) + 1 + -1.
2
Calculate 2 + (-2 - (-1 - 1)).
2
(2 - (-2 - 3) - 5) + 2
4
3 + 9 + -1 - 6
5
4 + -1 + 0 - (7 - -1)
-5
What is the value of 26 + -13 - (0 + 7)?
6
What is the value of (5 - 1) + -10 + -5 + 7?
-4
Calculate 7 - 1 - (11 + -11).
6
Evaluate (9 - (6 + -3)) + -4.
2
What is -6 + (-6 - -9) + -3?
-6
(6 - 9 - (-1 - -2)) + -1
-5
Evaluate 2 - (-4 - (-7 + -1)).
-2
Calculate -2 + (-5 - -5 - 6) - -10.
2
What is -3 + -8 + 0 + 18?
7
What is the value of (1 - -2 - 0) + -4?
-1
3 + (-10 - (-8 + 0)) + -2
-1
Calculate -21 - -23 - (0 + -1).
3
Calculate -8 - (-7 + 5 + 1).
-7
Calculate (-2 - -1 - 0) + -6 + 5.
-2
What is 2 + (1 - 5) + -1 - 3?
-6
What is the value of (1 - -1) + -5 + 1?
-2
Calculate -12 + 4 + 0 - -3.
-5
What is the value of (0 - 1) + 0 + 1 + 2?
2
What is the value of (1 - (-12 + 7)) + -14?
-8
-11 + 4 - (-5 + 3)
-5
What is the value of (-7 - 1) + 12 + -7?
-3
-5 + -9 + (24 - 13)
-3
What is the value of 1 - 0 - (-4 - (-8 + 4))?
1
What is -9 - -12 - 1 - 3?
-1
0 + (-1 - (2 - 0))
-3
Calculate (9 - 22 - -10) + -3 + 1.
-5
What is 3 + 0 + -1 + 3 + -8?
-3
(4 - -1) + -12 + (14 - 17)
-10
Evaluate 26 + -22 - (2 - 1).
3
59 + -59 - (1 + -1)
0
Calculate -11 - (-6 - 1 - (22 + -25)).
-7
Evaluate 1 + -1 - (-3 + (0 - -10)).
-7
What is the value of 14 - (4 - (-3 - 4))?
3
What is -8 - (-10 - -11) - -11?
2
(2 - 2 - -3) + 0 - -1
4
1 + (0 - 1) + 5 + -7
-2
Calculate -4 - (7 + (5 - 7)) - -4.
-5
Evaluate 2 + -7 + (-72 - -75).
-2
Evaluate 9 - (9 + (-7 - -8)).
-1
What is the value of 31 + -31 + -5 + 2?
-3
Evaluate (-152 - -146) + (11 - (-2 + 1)).
6
Calculate -3 - (0 - (1 + 3 + 1)).
2
What is (-5 - -4) + (9 - 5)?
3
Calculate -14 + 7 + (-4 + 1 - -9).
-1
Evaluate -4 + (6 - (13 + -10)).
-1
-2 - (0 - (-4 + 10))
4
What is the value of -3 + (2 - 1) + -10 + 16?
4
Evaluate -12 - (3 + -7) - -5.
-3
Evaluate 3 + (-2 - 0 - -2) - -1.
4
Evaluate 7 + 6 + -5 + -2 + -2.
4
What is the value of 0 - (-6 + 11 + -7 + 3)?
-1
Calculate (-4 - -2) + 3 + (-3 - -2).
0
Calculate -5 + 11 + -13 + -3 + 4.
-6
Calculate 0 - 2 - -7 - 3 - 2.
0
Evaluate (-9 - -14 - 3) + 5.
7
What is (2 - 6) + (0 - (-1 + 2))?
-5
-3 + (0 - -3) - 4
-4
What is 5 + (5 - ((-3 - 0) + 14))?
-1
What is the value of -5 + (-4 - -7) + 5?
3
Calculate 2 + -4 + 0 + (4 - -1).
3
(-4 + 2 - -3) + 1
2
Evaluate -11 + (0 - -10) + 1.
0
Calculate 5 + (4 - (-3 - (-7 - -3))).
8
(8 + -3 + -1 - -4) + -4
4
Calculate -1 - 3 - (-18 + 10).
4
What is the value of -2 - -6 - (1 + 0)?
3
Evaluate (0 + -14 - -5) + 5.
-4
What is the value of 25 - 25 - (0 - (0 - -3))?
3
What is the value of (-2 - 1) + (-3 - -1) + 0?
-5
2 - (3 - 3 - -2)
0
What is 7 + -17 - 1 - -5?
-6
Calculate 2 + -4 + (13 - 6) + -2.
3
What is -5 + 4 + -2 - (-18 + 5)?
10
1 + (4 - 8) - -10
7
What is 0 - 9 - (-101 - -90)?
2
What is 1 - 3 - 2 - (18 - 20)?
-2
-4 - -1 - -5 - 1
1
Calculate -1 - (4 - (2 - 2)).
-5
What is the value of 8 + 2 + -7 + -10 + 17?
10
Calculate 3 - (10 + -2) - (-2 - 8).
5
Calculate 6 + (2 - (5 - (0 + -2))).
1
What is the value of (2 - 1) + (1 - (3 + -4))?
3
What is the value of 0 + (9 - 6 - 1)?
2
-3 - (-19 - (-7 - 1))
8
What is -3 + -3 + 5 + 0?
-1
Calculate -5 + 2 + -1 + 1.
-3
What is 0 + -4 + 0 + 2 + 4?
2
(2 - (4 - 0)) + 5
3
What is the value of 4 + (-1 - -1 - 1)?
3
Calculate (-3 - (0 - -1)) + 3 + 2.
1
Calculate 3 + -6 - 3 - (0 - 7).
1
-3 - (1 + -4 - (-9 - -9))
0
What is the value of 6 + (-4 - 3 - (7 + -7))?
-1
What is the value of -7 - ((-4 - 0) + 2)?
-5
What is the value of 1 + -1 - 0 - (19 + -16)?
-3
What is the value of 4 + 1 + -9 + 5?
1
Evaluate -8 + (-2 - -13) + -11.
-8
Evaluate -3 + (-3 - (2 - 3 - 4)).
-1
Calculate 6 - 10 - (2 + -7).
1
6 - 17 - -7 - -8
4
What is the value of 1 - (2 + -1 + -1 + 6)?
-5
(3 - (-3 + 3 + -3)) + -1
5
What is the value of -8 + -5 + 13 + -11?
-11
2 - -2 - 2 - (-2 + 1)
3
What is the value of (8 - 6) + (-2 - -2) + -3?
-1
Calculate -5 - (4 + -4 - 9).
4
(-2 - -3) + -1 + -13 + 6
-7
What is the value of (1 - 6) + (-24 - -23)?
-6
Calculate -7 + (8 - 5) - -5.
1
-5 - (6 + -2 + -9)
0
What is the value of 6 - -4 - 5 - 5?
0
11 - (-8 + (-5 - -17))
7
Evaluate -1 + (-3 + 0 + -3 - -2).
-5
Evaluate (4 - -3) + -7 + -4.
-4
Evaluate 5 - 5 - (-10 + 3 + 4).
3
0 - 2 - (2 + -2)
-2
Evaluate 